-8 - (-1 - 24)) - 9 - -9
10
Evaluate -19 - (17 + -31) - 3.
-8
Evaluate (4 + (-10 + 2 - -4) - 25) + -2.
-27
What is the value of -1 + 1 + (2167 - 2188)?
-21
What is the value of 7 + (-16 - -2) + 4?
-3
136 - 130 - (15 + 3)
-12
What is -24 + (28 - (-5 - -25))?
-16
What is 0 + -11 + (-22 - (-35 - -8))?
-6
-1 + 18 + -3 + -6 + -2 + -4
2
Calculate (-1 - (-9 - 1)) + (9 - (-13 + 27)).
4
Evaluate -16 + 23 + -15 + -1 + 9.
0
What is -1 + 1 + 8 + -593 + 595?
10
Calculate 5 + -5 + 14 + -14 + 0.
0
Calculate 5 + -1 + (2 - 0) - -7.
13
-19 + 7 + (7 - -7) - (-12 + 47)
-33
What is 24 + -37 - (-5 + 0 + 6)?
-14
Evaluate 5 + 3 + (0 - -2) + -4 + -3.
3
1 + 13 - (4 + 9)
1
What is the value of 10 + (7 - ((1 - 8) + 12))?
12
Evaluate -20 + 4 + (3 - 8) + 10.
-11
Calculate 0 + -9 + (24 - (-7 + 7) - -9).
24
What is 8 + 9 + -18 - (2 - 3) - -5?
5
Calculate -6 - (9 + 2 - (26 + -6)).
3
What is the value of -14 - -12 - (15 - -7 - -4) - -6?
-22
Evaluate 1 + 0 + -1150 + 1165.
16
Calculate (18 - (64 - 47)) + -1 + 31.
31
Calculate 1868 + -1876 - ((0 - 1) + 1 + -13).
5
12 - (17 + (18 - 10))
-13
Calculate -14 + 32 + -7 - (-1 - -4) - -11.
19
Evaluate -17 + 23 + -6 + 3 + 1 + 3.
7
6 + -40 + -20 + 18 + 19
-17
(11 + 7 - 10) + 2
10
What is 4 - (10 - 0 - 1) - -19?
14
Calculate -8 + 18 + -16 + 9 + -11 + 2.
-6
Calculate 4 + -23 + 25 + (-6 - -1).
1
Evaluate (-57 - -58) + -7 + 0 - -6.
0
Calculate -7 + -20 + 17 + (2 - 0 - -4).
-4
Calculate -891 + 859 + (-2 - -1).
-33
-1 + (5 - (-1 - 6)) - 13
-2
What is the value of (5 - -4) + (-25 - -9)?
-7
Calculate -5 + (-7 - 4) + 18 + -7.
-5
-11 + -1 + 6 + -51 + 35
-22
-6 + (-2 - -1) + (44 + -14 - 8)
15
What is the value of (-8 - 8 - -41) + -9?
16
What is 22 - -8 - (-22 - -43)?
9
Calculate (3 - (-11 + -17)) + -20.
11
What is the value of (12 - -1) + (2 - (6 + (5 - 10)))?
14
Evaluate (17 - 0) + (-204 - -206).
19
What is the value of -5 + 9 + -5 + 14 - (4 + -4)?
13
Evaluate (5 + 0 - -3) + 119 + -121.
6
(-26 - (14 - 29)) + (0 - -25)
14
What is (7 - -2) + -4 + -4 + 17 + -9?
9
What is -67 + 13 - -58 - (29 - -1 - 1)?
-25
Calculate -14 - (-18 - (5 + -16)).
-7
15 + -29 - -13 - -1
0
Evaluate -1 + 7 - (13 - (22 + 8)).
23
What is -737 + 729 + -16 + 0?
-24
What is 6 - (-3 - (-1 + -2 - (-28 - -30)))?
4
What is the value of 6 - (-12 + (-3 - 1 - (-1 - 6)))?
15
-9 - (-43 - (-5 + -13))
16
Calculate 15 + -1 + -9 - (4 - 5 - -9).
-3
Evaluate -12 + (-1 - (-3 + -10 + 12) - -11).
-1
What is (-6 - -9) + (0 - -1 - 10)?
-6
Calculate -7 + (15 + 6 - 4).
10
-9 + -20 + 18 + 30
19
Evaluate 28 + -1 - (21 + -1 + -7 - 22).
36
Calculate -175 + 159 + 2 + 2.
-12
What is -2 + (0 - 1) - (0 + -9)?
6
What is 8 + (-10 - (-9 - 1 - -6)) + 4?
6
Calculate 3 + (1 - -4) - (21 + (3 - 33)).
17
What is 6 + 4 + 14 + -16 - -15?
23
What is the value of 2 + 0 - ((2 - 5) + -3 + 5)?
3
Calculate (233 - 223) + -2 + -3 + 7.
12
What is the value of 1 + (-3 - -2) + (7 - 9) + -6?
-8
What is the value of 1 + -7 + (-2 - -1) + -1 + 10?
2
Evaluate (-2 - -21) + -16 + 9.
12
-4 + ((-10 - -2) + 0 - -13)
1
What is 4 + (-6 - (-13 + 9)) + -12?
-10
Calculate (1 - 5) + (5 + 8 - 6) + 7.
10
-25 + -11 + (-24 - -41)
-19
-7 + -29 - (61 - 136)
39
Calculate (-24 + 9 - -11 - (1 - 5)) + 3.
3
Calculate (-8 - (-3 + 4)) + 14.
5
Evaluate 10 + -18 - (-17 + -1) - (0 - -2).
8
Calculate 6 + 11 + -14 - (7 + -4 + -4).
4
What is the value of (11 + -28 - -11 - -13) + 11?
18
-13 + 6 - (-10 - -3 - -15)
-15
What is 6 + -53 - ((1 - 1) + 1 + -13)?
-35
-11 + (-1 - (0 - 8) - -3)
-1
Calculate -8 + 6 + 2 + -12 + 6 + 9.
3
What is the value of -36 - (14 + -39 - -8)?
-19
Evaluate -7 - (-13 + (23 - 3)).
-14
Evaluate (34 - 11 - 62) + 28.
-11
Evaluate -1 - (4 + -25 - -16).
4
What is -3 - -5 - -2 - ((-37 - -16) + 24)?
1
Calculate (-8 - -2 - (-18 + 6)) + -12.
-6
Calculate -38 + 45 + -10 - (0 + 8 + 1).
-12
What is the value of -15 + (-181 - -186) + (1 - 17)?
-26
Calculate -5 + (5 - 12) - -9 - 20.
-23
What is the value of -7 + 21 + -14 + (4 - -2) + 16?
22
Calculate 4 + -14 + -7 + 0 + (11 - 9).
-15
What is the value of 0 - ((35 - 35) + 1 + -10) - 6?
3
What is 6 - 15 - -3 - (2 + -14)?
6
What is (-68 + 70 - (-2 + (3 - -2))) + 13?
12
What is the value of (-14 - -7 - -5) + -4 + -62 + 37?
-31
Evaluate 101 + -76 - (32 - 11).
4
30 + (-4 - 13) - (0 + -2)
15
What is -4 - -2 - -1 - -5 - -4?
8
Calculate 34 + 1 - (-135 - -188).
-18
What is (-11 - -36) + 0 + -9?
16
Evaluate (-28 + 17 - (-1 + -4)) + (5 - 1).
-2
What is 1 - (4 - 1) - (-11 - -8 - 0)?
1
What is -8 + 14 + (9 - (12 + -16))?
19
(10 - 14) + -1 + (0 - (0 - 3))
-2
What is the value of 8 + (7 - 4) - 9?
2
Evaluate 1 + 12 + -8 + 5 + -3.
7
What is 1 - (5 - 11 - (-1 + -4 + 3))?
5
-8 - -40 - (19 + 6)
7
Evaluate (-9 + 6 - (-4 + -4)) + -6 + 2.
1
What is (5 - 2) + 5 + (-3 - 10) + 12?
7
Evaluate 207 + -190 - (-3 - -15).
5
Evaluate 6 + 15 + (11 - 17).
15
Evaluate (3 - (3 - 5 - -2)) + 0.
3
What is the value of (12 - 9 - 8) + 26?
21
Calculate -34 + 5 - (-47 + 27).
-9
Evaluate 0 - (-12 + 8) - -1.
5
What is the value of 5 + (-22 + 3 - (8 + -13)) - -7?
-2
-17 - (11 + -9 + -9)
-10
Evaluate 16 + 7 + -14 + (-2 - -4) + 4.
15
Calculate -3 - (-10 - 0) - 0.
7
What is (14 - (-5 + 9 + 4)) + -2 - 12?
-8
What is the value of (-119 - -97 - (0 + -12)) + (-1 - -28)?
17
-25 + -5 - (-74 + 32)
12
Evaluate 4 + 0 - (12 + -1 + -14 - -28).
-21
What is 0 - (-24 - -25) - 15?
-16
What is the value of -30 + 33 - (-6 - -2) - (6 + -10)?
11
-4 + 3 + -1 + (12 - 19)
-9
Evaluate -17 + (-22 + 18 - -24).
3
Evaluate (-6 - -11) + 6 + -13 - 4.
-6
Calculate 3 + -2 + -3 - (-17 + 18).
-3
Evaluate -15 + (10 - (-11 + 15)).
-9
Evaluate -6 - (6 - 5) - (8 - 3).
-12
What is the value of -5 + 1 + 8 + -8?
-4
What is 135 + -150 - (-2 - (0 + 4))?
-9
What is -1 + (-7 - -23) - 8 - (-2 + -1)?
10
1 - -6 - (11 + -5 - 16) - -3
20
What is 0 + (-4 - -4) + (-2 - (-2 - 1))?
1
Evaluate -3 - (-1 + (0 - 6) + (79 - 57)).
-18
Calculate -463 + 450 + (1 - -31 - 0).
19
Calculate -5 + 6 + 2 + -1 + -5.
-3
Calculate -20 - (-23 + 17 - 11).
-3
Evaluate -18 - -1 - (114 - 111) - -8 - 4.
-16
Calculate -9 - (22 + (-28 - 12)).
9
What is 8 + -6 + (7 - (5 - 3)) + -3?
4
Calculate 15 - (-10 + 4 + (-18 - -30)).
9
What is the value of 0 + 4 + 37 + -38 + 12?
15
Calculate 169 + -176 - (0 - ((1 - -2) + 8)).
4
Evaluate (0 - 3) + (134 - 143).
-12
What is -12 - (4 - 4) - -13?
1
What is -69 + -10 + 41 + 8?
-30
Calculate 24 + -7 + 0 + -3 + 1.
15
Calculate 1 + 1 + (181 - 191).
-8
Calculate -20 - ((15 - 44) + 23).
-14
What is 5 - -9 - (3 - -4 - -30)?
-23
1 + 2 + 160 + -156
7
What is 2 + (-18 - -10 - -16)?
10
Evaluate (18 - 10 - 14) + (-1 - -12) + 2.
7
What is the value of (33 - 1) + -17 - 1?
14
What is the value of 27 + 24 + (7 - 71)?
-13
Calculate 7 - (-14 + 26 - 5).
0
Evaluate 4 + -3 + -10 + -2 + 3 - -4.
-4
(1054 - 1065) + (-1 - 0) + 1
-11
What is the value of (-4 - ((1 - -3) + -6)) + (-7 - -6)?
-3
2 - 17 - (14 + -50) - 0
21
What is -17 - (-15 - -8) - -26?
16
2 + (0 - (-8 - (-8 + 3)))
5
What is -299 - -291 - (-2 + -3)?
-3
-12 + (-26 - -11) + 22
-5
What is the value of (-12 - (-27 + 7 + -4)) + 0?
12
Evaluate -10 - (-14 + (14 - 8)).
-2
What is the value of (2 - 9) + 8 + (-5 - 19)?
-23
What is the value of -3 + 14 - (9 + 44 - (0 - -7))?
-35
Evaluate (-44 - -39) + 1 + 7 + -37.
-34
What is the value of (-2 - (-1 + 0) - -5) + (-159 - -135)?
-20
What is the value of 6 - (-28 + -7) - 4 - (-1 + 10)?
28
Calculate 2 + 3 + -81 + 70.
-6
What is 2 + (-3 - -33) + -20?
12
Evaluate 1 + -4 - (-5 - 0) - (7 - 4).
-1
Evaluate -2 - (7 + -8 + -12).
11
Evaluate -7 + (-10 - (-18 + 12)).
-11
What is the value of (-1 + -1 - (-8 + 9)) + -12 + 7?
-8
What is -12 - (-30 + 2) - 71 - -17?
-38
-6 + -1 + (2 + (1 - -6) - 8)
-6
Evaluate -18 + (3 - -3) + -8 + 10 - 9.
-19
Evaluate -5 + 4 - 4 - (2 + 4).
-11
(1 - 7) + (-11 - -2 - -4 - -3)
-8
Evaluate (-6 - -21) + 1 + -10.
6
What is the value of (-39 - -39) + (-4 - -22) - 10?
8
What is the value of (1 - 7) + -10 + 8 + 11?
3
What is the value of (-44 - -42) + 14 + 0 + -1?
11
What is the value of 2270 + -2272 + (25 - (1 - 2))?
24
Evaluate 2 + -2 + 3 - ((-3 - -45) + -51).
12
What is 20 - 28 - 3 - (-4 + -8)?
1
Calculate -4 + -12 + (-9 - -22) + -1 + 1.
-3
Calculate (18 - 28) + 19 - -7.
16
What is the value of (21 - 2 - 1) + (-34 - -25 - -4)?
13
What is the value of 37 + 17 + -25 + 6?
35
Calculate -17 - (8 - (-2 - -33)).
6
What 